*b - 31. Let y(o) = 9*r(o) + 2*t(o). Is y(11) composite?
False
Suppose 2*s - 2*a - 2776 = 0, -a + 990 - 5144 = -3*s. Is s prime?
False
Suppose 25*o - 65 = 24*o. Let k = o + 5. Suppose -2*p + k = -36. Is p prime?
True
Let x(p) = -3*p - 1. Let n(k) = -3*k. Let m(y) = 3*n(y) - 4*x(y). Let l be m(8). Suppose 99 = h - l. Is h composite?
False
Let i be 1*(2 + -4) - -589. Let s(v) = v**2 - 59*v + 378. Let z be s(7). Suppose z*y - 13*y - i = 0. Is y composite?
False
Let r(b) = 261*b - 10. Let t be r(9). Suppose -5*h + j + t = 0, -j = h - 0*j - 463. Is h a composite number?
False
Suppose 3*k = 5*z - 45327, -3*k - k = 5*z - 45299. Suppose 14*v - z + 3281 = 0. Is v a prime number?
False
Let w(x) = x**3 - x**2 - 2*x + 1. Let o be w(0). Let s(k) = 270*k - 4. Let v be s(o). Is (v*-5)/(-5) + -3 prime?
True
Let i be 5 + (1 - (-2 - -7)). Is -1 - -4 - -577 - (-2 + i) a composite number?
True
Let a = -183 + 1817. Let v = -1117 + a. Is v composite?
True
Suppose -5 = -7*i + 6*i. Suppose 4*o + 3822 = -i*s, 3*s - o - o + 2280 = 0. Is s/(-7) - 2/(-14) prime?
True
Let b be ((-447)/4 + 0)*112/(-42). Suppose 1490 = 4*m - b. Is m composite?
True
Let u(v) = v**2 + 5*v + 8. Let l be u(-4). Suppose -l*b + 16 = s, -5*b - s - 3 = -22. Is 14/(-42) + 4792/b a prime number?
True
Let x = 851 - -1652. Is x a prime number?
True
Let x = 6227 + 242. Is x a prime number?
True
Suppose -c = -3*a + 2*c + 2280, 0 = -4*c - 16. Is -4 - a/(-8)*2 a composite number?
True
Let s(y) = 27*y**2 + 45*y - 277. Is s(37) a prime number?
True
Is 12 + -7 - (-1)/((-2)/(-17256)) a prime number?
False
Let k(c) = -3*c + 22. Let m be k(8). Is ((-2918)/m - -3) + 3 a prime number?
False
Let z(r) be the first derivative of 2*r**2 - 3 - 2 - r + 6*r**2 + 40*r**2. Is z(1) a composite number?
True
Suppose 7*b - 2*b = 45. Suppose a + 640 = 5*a + 4*q, -3*q = b. Is a prime?
True
Let h = 845 + -583. Let b be (72/(-32))/(15/40). Is ((-6)/b)/(2/h) composite?
False
Let u(k) = -k**3 - 3*k**2 + 4*k - 19. Let t be u(-6). Let l(i) = i**2 + 5*i + 6. Let w be l(-4). Suppose 2*s - 112 = -w*h, h + 5*s = s + t. Is h prime?
True
Let n(j) = 3*j**3 - 21*j**2 + 13*j - 29. Is n(12) a composite number?
False
Let d(x) = 65*x**2 - 2*x + 11. Let g(t) be the second derivative of 8*t**4/3 - t**3/6 + 3*t**2 - 2*t. Let w(h) = 3*d(h) - 5*g(h). Is w(-2) a composite number?
True
Let k = 24118 + -13179. Is k a prime number?
True
Suppose 3*s = 3*n - 105, -40 = s - 0*s + 4*n. Let l = s - -195. Is l a prime number?
False
Suppose 0 = -i + 4*n + 4181, -4185 = -i + 3*n - 0*n. Is i prime?
False
Let t be (-44)/(-242) - 97786/(-22). Let l = t + -2552. Is l a prime number?
False
Let l be (1 - 0) + -95*1. Let b(y) = 3*y**3 + 40*y**2 + 28*y - 12. Let x be b(-12). Let p = l + x. Is p a prime number?
False
Let x(k) = 3*k**2 + 2*k - 12. Let p be -5 + 1 - 64/(-8). Let u be 5/(p/(0 + -4)). Is x(u) composite?
False
Suppose 14 = -5*a + 4. Is ((-10)/20)/(a/652) composite?
False
Let z(g) = g**2 - 5*g + 1. Let d be z(5). Let a(c) = 214*c - 3. Is a(d) prime?
True
Is 4/(-2)*(-307003)/34 prime?
True
Suppose 4588 = 4*q - 3*m, -3973 = -4*q - m + 615. Is q prime?
False
Suppose -40 = -4*o - 5*t, -2*o - 2*t + 6 = -3*t. Let f = 48 - 44. Suppose -q + 315 = 2*v - f*v, -2*v + 1527 = o*q. Is q a prime number?
True
Suppose -7*s + 45460 = 14849. Is s a prime number?
True
Let l(t) = -5*t - 963*t**2 + 399*t**3 + 967*t**2 + t + 3. Is l(2) prime?
True
Let y = 0 + 0. Suppose -3*u + 2*u = y. Is 53*(3 + u + 2) a composite number?
True
Let c(q) be the second derivative of -q**5/20 + 11*q**4/12 - 11*q**3/6 - q**2/2 - 3*q. Let h = 73 + -65. Is c(h) a prime number?
True
Let a = 17 - -10. Suppose -a*p + 1131 = -24*p. Is p prime?
False
Let v(u) = 99*u**3 + 14*u**2 - 18*u - 38. Is v(9) a composite number?
True
Suppose l + 4*g = 18025, -5*l + 3*g + 7141 = -83076. Is l a prime number?
True
Suppose 0 = -10*d - 0*d + 11150. Is d a composite number?
True
Suppose -h + 5*k = -22, -h + 12 + 1 = -2*k. Is h a composite number?
False
Let a(y) = y + 11. Let v be a(-4). Suppose -10 = q - 3*d, 2*d - v = -1. Let t(n) = -174*n + 3. Is t(q) a composite number?
True
Let m = 404 + -1097. Suppose -14*j + 16*j + 1996 = 0. Let r = m - j. Is r a composite number?
True
Let d be 1/(-4 - (-28)/8). Is 1087/3*(-6)/d*1 composite?
False
Let l = 1248 + -15299. Is (-4)/18 - l/9 a composite number?
True
Is 38894*-1*(-4)/8 a composite number?
False
Suppose 0 = -2*r + 3*v - 183, r + 4*v + 63 + 34 = 0. Let l = -40 - r. Is l a prime number?
True
Suppose 4*p + 5 = -p. Let j be p/(-5) + 14/5. Let v(c) = 30*c**2 - 3*c - 4. Is v(j) prime?
True
Suppose 3*s + 0*s - 15 = 0. Suppose s*r + 94 - 1984 = 0. Suppose 0*k - k + r = g, 4*k + 4 = 0. Is g prime?
True
Let l(g) = 7039*g**3 + g**2 - 16*g + 15. Is l(1) composite?
False
Let g(d) = d + 32. Let z(c) = -c - 32. Let j(x) = 4*g(x) + 3*z(x). Is j(14) a composite number?
True
Let s(n) = n**2 + 3*n - 1. Let u be s(-4). Suppose -5*r + 1470 = 5*f, 1478 = 4*f + f - u*r. Is f a composite number?
True
Let o(r) = 36*r**2 + 18*r + 109. Is o(23) composite?
True
Suppose 7*q = 9*q - 1926. Let t = q - 158. Let s = -540 + t. Is s a prime number?
False
Suppose 65*n = 58*n + 20447. Is n a prime number?
False
Let n = 2333 - 2707. Let x = -314 + 197. Let l = x - n. Is l composite?
False
Suppose 3*m + 24 = c, 3*c - 3*m - 48 + 6 = 0. Let a(v) = 3 + 6 - c*v - 2 + 3. Is a(-8) prime?
False
Suppose 3*i - 5*w = 43, 4*i + 3*w + w - 4 = 0. Suppose -c = -u - 3, u - 3*u + 3*c - 7 = 0. Is u/6 - (-944)/i composite?
False
Suppose 13*i = 30193 + 49510. Is i a prime number?
True
Is 2/(-25) - (-563954)/50 prime?
True
Let t(i) be the third derivative of i**5/60 - i**4/24 + i**3/3 + 10*i**2. Let g be t(1). Suppose g*u - 4122 + 1096 = 0. Is u prime?
False
Suppose 24*v + 3*b - 18013 = 20*v, v - 4527 = 4*b. Is v composite?
False
Suppose 3*s = j + 9, 2*s + 2*s = -3*j - 1. Suppose -16 = -s*g - l - 4*l, -4*g + 5*l = -32. Is 1/g + (-36275)/(-40) prime?
True
Suppose -4*d - p + 59080 = 0, 3*d - 8*p - 44310 = -3*p. Suppose -m = -l - 5575, 0 = -4*m - l + 7550 + d. Is m a prime number?
False
Let n be (26/(-169))/(2/(-26)). Let i = 870 + -346. Suppose -n*c = -0*c - i. Is c prime?
False
Let n = 233 - 360. Let h = n + 72. Let f = h + 86. Is f a composite number?
False
Let n = -54 + 53. Is (0 - n)*8/((-40)/(-2955)) a composite number?
True
Suppose -4*q + 14319 = -10669. Is q a composite number?
False
Let j be (0 - 3/6) + 27925/2. Let u = j - 8999. Is u composite?
True
Let q(x) = -4*x**2 - 6*x - 18. Let h(v) = -v**2 - 1. Let z(l) = -5*h(l) + q(l). Let n be (-136)/10 - (-2)/(-5). Is z(n) prime?
False
Suppose 0 = 43*g - 38*g - 10. Suppose -2*r + z = -26327, 3*r + g*z - 39492 = 5*z. Is r a prime number?
True
Suppose 5*q = 7*q - 20. Let g(a) = -1. Let s(n) = 32*n - 7. Let t(c) = 6*g(c) + s(c). Is t(q) composite?
False
Let r(z) = 33*z**2 + 11*z - 85. Is r(-13) a prime number?
False
Suppose -49497 = -15*l - 6*l. Is l prime?
True
Suppose -19 = -3*k - 52. Let y(c) = 11*c**2 - 18*c - 16. Is y(k) a prime number?
False
Is (-173529)/(-12) + 2/(24/3) a composite number?
False
Let o(x) = 46*x**2 - 2*x - 21. Is o(-5) a composite number?
True
Suppose -3*o + 4448 = 2*k, -5*k - 2*o = 2*o - 11113. Is k a prime number?
True
Let h(v) = -v**3 + 6*v**2 + 10*v + 7. Let z = -25 - -18. Let o be h(z). Suppose 2*x = 4*x - o. Is x a composite number?
True
Suppose -5*d + 10*d - 60 = 0. Let l be (-3550)/(-14) - d/(-28). Let j = l + -112. Is j composite?
True
Let q = -273 - -404. Suppose -4*v = -3*v - q. Is v a composite number?
False
Let x be 570 + (-3 - 1)/(-4). Let m = x - 348. Is m prime?
True
Is (10/4 - (-97261)/(-38))*-1 a prime number?
True
Let h(p) be the second derivative of 10*p**3 + 0 - 5/2*p**2 - 10*p. Is h(7) a composite number?
True
Let v(u) be the second derivative of -3*u**5/20 + u**4/6 + u**3/3 + 2*u**2 + u. Let b = 810 - 815. Is v(b) a prime number?
True
Is 84232/(-2)*5/(-20)*1 prime?
True
Let z = 1836 - -807. Is z a prime number?
False
Let b = 2201 + 31244. Is b composite?
True
Is 9709 - (9 - (-2 - -21)) a composite number?
False
Let z(q) = q**2 + q + 4. Let i be z(0). Suppose 0 = -4*a - i*c + 5436, 0*a + 5*c - 1351 = -a. Is a a composite number?
False
Let p(a) = -a + 2. Suppose u - 8 + 2 = -5*i, 4*i - 28 = 5*u. Let m be p(i). Suppose m*j = -3*j + 339. Is 